{"id":171,"date":"2024-01-08T11:02:42","date_gmt":"2024-01-08T10:02:42","guid":{"rendered":"https:\/\/esthetiquekm.com\/?page_id=171"},"modified":"2025-09-27T11:09:02","modified_gmt":"2025-09-27T09:09:02","slug":"soins-du-visage","status":"publish","type":"page","link":"https:\/\/esthetiquekm.com\/index.php\/soins-du-visage\/","title":{"rendered":"Soins du visage"},"content":{"rendered":"\n<p class=\"has-luminous-vivid-orange-color has-text-color has-link-color has-medium-font-size wp-elements-479188c4bd827468969f186af974ea90\"><strong><em>Endospheres Therapy Face<\/em><\/strong><\/p>\n\n\n\n<p><em>Endospheres Therapy Face\u00ae <\/em>prend soin de la peau du visage, pour r\u00e9veiller votre beaut\u00e9 naturelle. Elle acc\u00e9l\u00e8re la production des substances de la jeunesse (collag\u00e8ne, \u00e9lastine, acide hyaluronique) pour une peau plus compacte.<\/p>\n\n\n\n<ul class=\"wp-block-list\">\n<li>Sc\u00e9ance &#8230;&#8230;&#8230;&#8230;&#8230;&#8230;&#8230;&#8230;&#8230;&#8230;&#8230;&#8230;&#8230;&#8230;&#8230;.. 30 min &#8230;. 60 \u20ac<\/li>\n\n\n\n<li>Sc\u00e9ance &#8230;&#8230;&#8230;&#8230;&#8230;&#8230;&#8230;&#8230;&#8230;&#8230;&#8230;&#8230;&#8230;&#8230;&#8230;.. 60 min &#8230;. 120 \u20ac<\/li>\n<\/ul>\n\n\n\n<p><strong><a href=\"..\/endospheres-therapy\/\" title=\"Endosphere Face\">&gt;&gt; <mark style=\"background-color:rgba(0, 0, 0, 0)\" class=\"has-inline-color has-vivid-red-color\">plus d&rsquo;infos<\/mark> &lt;&lt;<\/a><\/strong><\/p>\n\n\n\n<p class=\"has-luminous-vivid-orange-color has-text-color has-link-color has-medium-font-size wp-elements-5dc0954fc958e01331fbcae89c6c7da5\"><em><strong>Skin Ceuticals <\/strong>(anti-\u00e2ge)<\/em><\/p>\n\n\n\n<p><em>Skin Ceuticals\u00ae <\/em>est la marque n\u00b0 1 am\u00e9ricaine sp\u00e9cialis\u00e9e de l\u2019anti-\u00e2ge, reconnue mondialement, <br>dont les formules \u00ab haute efficacit\u00e9 \u00bb sont recommand\u00e9es par des dermatologues et <br>chirurgiens esth\u00e9tiques.<\/p>\n\n\n\n<ul class=\"wp-block-list\">\n<li>Visage cou et d\u00e9collet\u00e9&#8230;&#8230;&#8230;&#8230;&#8230;&#8230;&#8230;. 1h40 min &#8230;.220 \u20ac<\/li>\n<\/ul>\n\n\n\n<p><strong><a href=\"..\/skin-ceuticals\/\" title=\"Skin Ceuticals\">&gt;&gt; <mark style=\"background-color:rgba(0, 0, 0, 0)\" class=\"has-inline-color has-vivid-red-color\">plus d&rsquo;infos<\/mark> &lt;&lt;<\/a><\/strong><\/p>\n\n\n\n<p class=\"has-luminous-vivid-orange-color has-text-color has-link-color has-medium-font-size wp-elements-9ff948d225b63b40d58a2e5b0dc49be4\"><em><strong>Facial Toning Device <\/strong>(microcourant)<\/em><\/p>\n\n\n\n<p>La luminoth\u00e9rapie attenue les rides, le vieillissement et l\u2019acn\u00e9, en favorisant la production de collag\u00e8ne et d\u2019elastine. R\u00e9duit la taille des pores, des taches de vieillessement cutan\u00e9e et de soleil, ainsi que la s\u00e9cr\u00e9tion de s\u00e9bum pour une peau moins grasse.<\/p>\n\n\n\n<p>Lifting, contour, muscle du visage<br><em><strong>Therapy Skin Care LED Mask Kardashian\u00ae<\/strong> <\/em>(Vogue France)<\/p>\n\n\n\n<ul class=\"wp-block-list\">\n<li>Sc\u00e9ance &#8230;&#8230;&#8230;&#8230;&#8230;&#8230;&#8230;&#8230;&#8230;&#8230;&#8230;&#8230;&#8230;&#8230;&#8230;..1h20 min &#8230;. 160 \u20ac<\/li>\n\n\n\n<li>Drainage lymphatique &#8230;&#8230;&#8230;&#8230;&#8230;&#8230;&#8230;&#8230;.. 60 min &#8230;..125 \u20ac<\/li>\n\n\n\n<li>Nettoyage profond &#8230;&#8230;&#8230;&#8230;&#8230;&#8230;&#8230;&#8230;&#8230;&#8230;. 90 min &#8230;..175 \u20ac<\/li>\n<\/ul>\n\n\n\n<p class=\"has-black-color has-luminous-vivid-amber-background-color has-text-color has-background has-link-color has-small-font-size wp-elements-d48e94e1b095af0da8e9758de7207cc2\"><strong><mark style=\"background-color:rgba(0, 0, 0, 0)\" class=\"has-inline-color has-black-color\">Tarifs au 1<sup>er<\/sup> janvier 2025 &#8211; Contactez-nous pour conna\u00eetre l&rsquo;\u00e9volution des prix.<\/mark><\/strong><\/p>\n\n\n\n<p><\/p>\n","protected":false},"excerpt":{"rendered":"<p>Endospheres Therapy Face Endospheres Therapy Face\u00ae prend soin de la peau du visage, pour r\u00e9veiller votre beaut\u00e9 naturelle. Elle acc\u00e9l\u00e8re la production des substances de la jeunesse (collag\u00e8ne, \u00e9lastine, acide &hellip; <\/p>\n","protected":false},"author":1,"featured_media":262,"parent":0,"menu_order":0,"comment_status":"closed","ping_status":"closed","template":"","meta":{"_monsterinsights_skip_tracking":false,"_monsterinsights_sitenote_active":false,"_monsterinsights_sitenote_note":"","_monsterinsights_sitenote_category":0,"_uf_show_specific_survey":0,"_uf_disable_surveys":false,"footnotes":""},"class_list":["post-171","page","type-page","status-publish","has-post-thumbnail","hentry"],"aioseo_notices":[],"_links":{"self":[{"href":"https:\/\/esthetiquekm.com\/index.php\/wp-json\/wp\/v2\/pages\/171","targetHints":{"allow":["GET"]}}],"collection":[{"href":"https:\/\/esthetiquekm.com\/index.php\/wp-json\/wp\/v2\/pages"}],"about":[{"href":"https:\/\/esthetiquekm.com\/index.php\/wp-json\/wp\/v2\/types\/page"}],"author":[{"embeddable":true,"href":"https:\/\/esthetiquekm.com\/index.php\/wp-json\/wp\/v2\/users\/1"}],"replies":[{"embeddable":true,"href":"https:\/\/esthetiquekm.com\/index.php\/wp-json\/wp\/v2\/comments?post=171"}],"version-history":[{"count":11,"href":"https:\/\/esthetiquekm.com\/index.php\/wp-json\/wp\/v2\/pages\/171\/revisions"}],"predecessor-version":[{"id":492,"href":"https:\/\/esthetiquekm.com\/index.php\/wp-json\/wp\/v2\/pages\/171\/revisions\/492"}],"wp:featuredmedia":[{"embeddable":true,"href":"https:\/\/esthetiquekm.com\/index.php\/wp-json\/wp\/v2\/media\/262"}],"wp:attachment":[{"href":"https:\/\/esthetiquekm.com\/index.php\/wp-json\/wp\/v2\/media?parent=171"}],"curies":[{"name":"wp","href":"https:\/\/api.w.org\/{rel}","templated":true}]}}